{"id":1493,"date":"2025-05-31T00:26:21","date_gmt":"2025-05-30T22:26:21","guid":{"rendered":"https:\/\/xn--zribarberandbeauty-m6b.com\/?post_type=product&#038;p=1493"},"modified":"2026-03-28T03:02:41","modified_gmt":"2026-03-28T02:02:41","slug":"savanna-tan-moderner-barberstuhl","status":"publish","type":"product","link":"https:\/\/xn--zribarberandbeauty-m6b.com\/index.php\/product\/savanna-tan-moderner-barberstuhl\/","title":{"rendered":"Moderner Barberstuhl"},"content":{"rendered":"","protected":false},"excerpt":{"rendered":"<p data-start=\"218\" data-end=\"538\">\n<p data-start=\"217\" data-end=\"502\">Der <strong data-start=\"248\" data-end=\"263\">Savanna Tan<\/strong> setzt neue Ma\u00dfst\u00e4be f\u00fcr stilvolle Barbershops mit Sinn f\u00fcr \u00c4sthetik und Komfort. Sein heller Braunton in Kombination mit klaren Linien und schwarzem Metallgestell macht ihn zum idealen Stuhl f\u00fcr moderne Studios mit eleganter Ausstrahlung.<\/p>\n<p data-start=\"504\" data-end=\"733\">Dieser Stuhl \u00fcberzeugt nicht nur optisch: Dank der verstellbaren R\u00fcckenlehne, der h\u00f6henverstellbaren Kopfst\u00fctze und der ergonomischen Polsterung bietet er optimalen Komfort f\u00fcr jede Dienstleistung \u2013 vom Haarschnitt bis zur Rasur.<\/p>\n<p data-start=\"735\" data-end=\"750\"><strong data-start=\"735\" data-end=\"750\">Highlights:<\/strong><\/p>\n<ul data-start=\"751\" data-end=\"1026\">\n<li data-start=\"751\" data-end=\"808\">\n<p data-start=\"753\" data-end=\"808\">Stylischer Look in hellem Braun mit schwarzen Details<\/p>\n<\/li>\n<li data-start=\"809\" data-end=\"872\">\n<p data-start=\"811\" data-end=\"872\">Verstellbare R\u00fcckenlehne &amp; Kopfst\u00fctze f\u00fcr maximalen Komfort<\/p>\n<\/li>\n<li data-start=\"873\" data-end=\"920\">\n<p data-start=\"875\" data-end=\"920\">Robustes Metallgestell \u2013 langlebig &amp; stabil<\/p>\n<\/li>\n<li data-start=\"921\" data-end=\"973\">\n<p data-start=\"923\" data-end=\"973\">Ideal f\u00fcr moderne Barbershops mit hohem Anspruch<\/p>\n<\/li>\n<li data-start=\"974\" data-end=\"1026\">\n<p data-start=\"976\" data-end=\"1026\">Hochwertige Verarbeitung f\u00fcr den t\u00e4glichen Einsatz<\/p>\n<\/li>\n<\/ul>\n<p>&nbsp;<\/p>\n","protected":false},"featured_media":1473,"comment_status":"open","ping_status":"closed","template":"","meta":[],"product_brand":[],"product_cat":[18],"product_tag":[],"class_list":{"0":"post-1493","1":"product","2":"type-product","3":"status-publish","4":"has-post-thumbnail","6":"product_cat-uncategorized","8":"first","9":"instock","10":"sale","11":"virtual","12":"purchasable","13":"product-type-simple"},"_links":{"self":[{"href":"https:\/\/xn--zribarberandbeauty-m6b.com\/index.php\/wp-json\/wp\/v2\/product\/1493","targetHints":{"allow":["GET"]}}],"collection":[{"href":"https:\/\/xn--zribarberandbeauty-m6b.com\/index.php\/wp-json\/wp\/v2\/product"}],"about":[{"href":"https:\/\/xn--zribarberandbeauty-m6b.com\/index.php\/wp-json\/wp\/v2\/types\/product"}],"replies":[{"embeddable":true,"href":"https:\/\/xn--zribarberandbeauty-m6b.com\/index.php\/wp-json\/wp\/v2\/comments?post=1493"}],"wp:featuredmedia":[{"embeddable":true,"href":"https:\/\/xn--zribarberandbeauty-m6b.com\/index.php\/wp-json\/wp\/v2\/media\/1473"}],"wp:attachment":[{"href":"https:\/\/xn--zribarberandbeauty-m6b.com\/index.php\/wp-json\/wp\/v2\/media?parent=1493"}],"wp:term":[{"taxonomy":"product_brand","embeddable":true,"href":"https:\/\/xn--zribarberandbeauty-m6b.com\/index.php\/wp-json\/wp\/v2\/product_brand?post=1493"},{"taxonomy":"product_cat","embeddable":true,"href":"https:\/\/xn--zribarberandbeauty-m6b.com\/index.php\/wp-json\/wp\/v2\/product_cat?post=1493"},{"taxonomy":"product_tag","embeddable":true,"href":"https:\/\/xn--zribarberandbeauty-m6b.com\/index.php\/wp-json\/wp\/v2\/product_tag?post=1493"}],"curies":[{"name":"wp","href":"https:\/\/api.w.org\/{rel}","templated":true}]}}