{"id":1293,"date":"2025-06-01T22:51:26","date_gmt":"2025-06-01T20:51:26","guid":{"rendered":"http:\/\/xn--zribarberandbeauty-m6b.com\/?post_type=product&#038;p=1293"},"modified":"2026-03-28T02:59:16","modified_gmt":"2026-03-28T01:59:16","slug":"volume-powder","status":"publish","type":"product","link":"https:\/\/xn--zribarberandbeauty-m6b.com\/index.php\/product\/volume-powder\/","title":{"rendered":"Volume Powder"},"content":{"rendered":"","protected":false},"excerpt":{"rendered":"<div>Z\u00fcri Barber and Beauty \u2013 Switzerland\u2019s Best Hair Volume Powder<\/div>\n<div>Maximales Volumen &amp; starker Halt \u2013 f\u00fcr den perfekten Look<\/div>\n<div><\/div>\n<div>Erlebe sofortiges Haarvolumen mit unserem exklusiven Hair Volume Powder von Z\u00fcri Barber and Beauty.<\/div>\n<div>Die feine Formel sorgt f\u00fcr maximalen Lift und Struktur, ohne dein Haar zu beschweren. Ideal f\u00fcr alle Haartypen, ob feines oder dickes Haar, verleiht es jedem Style m\u00fchelos mehr F\u00fclle und Halt.<\/div>\n<div><\/div>\n<div><strong>Vorteile:<\/strong><\/div>\n<ul>\n<li>Sofortiges Volumen und starker Halt<\/li>\n<li>Perfekter Lift und nat\u00fcrliche Textur<\/li>\n<li>Mattes Finish f\u00fcr einen modernen Look<\/li>\n<li>Frei von Alkohol<\/li>\n<li>Vegan und tierversuchsfrei<\/li>\n<\/ul>\n<div><\/div>\n<div><strong>Anwendung:<\/strong><\/div>\n<div>Auf trockenem Haar anwenden. Eine kleine Menge direkt auf die Haarans\u00e4tze streuen und mit den Fingerspitzen einarbeiten.<\/div>\n<div>Anschliessend wie gew\u00fcnscht stylen. Weniger ist mehr \u2013 schon eine kleine Menge reicht f\u00fcr einen sichtbaren Effekt.<\/div>\n<div><\/div>\n<div><strong>Inhaltsstoffe:<\/strong><\/div>\n<div>Zea Mays (Corn) Starch, Silica Silylate, Aqua, Pvp, Niacinamide, Ceramide NP, Camellia Sinensis Extract, Tocopherol, Sodium Benzoate.<\/div>\n","protected":false},"featured_media":1294,"comment_status":"open","ping_status":"closed","template":"","meta":[],"product_brand":[],"product_cat":[18],"product_tag":[],"class_list":{"0":"post-1293","1":"product","2":"type-product","3":"status-publish","4":"has-post-thumbnail","6":"product_cat-uncategorized","8":"first","9":"instock","10":"virtual","11":"purchasable","12":"product-type-simple"},"_links":{"self":[{"href":"https:\/\/xn--zribarberandbeauty-m6b.com\/index.php\/wp-json\/wp\/v2\/product\/1293","targetHints":{"allow":["GET"]}}],"collection":[{"href":"https:\/\/xn--zribarberandbeauty-m6b.com\/index.php\/wp-json\/wp\/v2\/product"}],"about":[{"href":"https:\/\/xn--zribarberandbeauty-m6b.com\/index.php\/wp-json\/wp\/v2\/types\/product"}],"replies":[{"embeddable":true,"href":"https:\/\/xn--zribarberandbeauty-m6b.com\/index.php\/wp-json\/wp\/v2\/comments?post=1293"}],"wp:featuredmedia":[{"embeddable":true,"href":"https:\/\/xn--zribarberandbeauty-m6b.com\/index.php\/wp-json\/wp\/v2\/media\/1294"}],"wp:attachment":[{"href":"https:\/\/xn--zribarberandbeauty-m6b.com\/index.php\/wp-json\/wp\/v2\/media?parent=1293"}],"wp:term":[{"taxonomy":"product_brand","embeddable":true,"href":"https:\/\/xn--zribarberandbeauty-m6b.com\/index.php\/wp-json\/wp\/v2\/product_brand?post=1293"},{"taxonomy":"product_cat","embeddable":true,"href":"https:\/\/xn--zribarberandbeauty-m6b.com\/index.php\/wp-json\/wp\/v2\/product_cat?post=1293"},{"taxonomy":"product_tag","embeddable":true,"href":"https:\/\/xn--zribarberandbeauty-m6b.com\/index.php\/wp-json\/wp\/v2\/product_tag?post=1293"}],"curies":[{"name":"wp","href":"https:\/\/api.w.org\/{rel}","templated":true}]}}